+ -2?
-5
What is the value of -1 - ((5 - 2) + -4)?
0
What is -5 - ((-5 - -4) + 4)?
-8
What is the value of 4 + -4 + -3 + 2 + 4?
3
Calculate -6 + (1 - (-1 + 2)).
-6
-2 - (3 + (-9 + 3 - 3))
4
Evaluate 2 - (7 - (3 + -2)).
-4
What is the value of 7 + (-50 - -47) + 0 + -1?
3
0 + -7 - (0 - 2)
-5
What is the value of 3 + (-11 - -6) + 6?
4
-18 + (-5 - -7) + 4 + 2
-10
Calculate 0 - -10 - (4 + 3).
3
What is (3 - -6) + -3 - 0?
6
Calculate 2 + 6 - (8 - 9).
9
Evaluate 3 + -1 + 2 + -5 + 1.
0
Calculate (1 - 9) + (3 - -14) + -12.
-3
What is the value of -3 - ((39 - 36) + (0 - 0))?
-6
What is (7 + 7 - 7) + -12?
-5
-12 + 1 + 7 - 3
-7
Evaluate 3 + 0 + (146 - 144).
5
(-1 - -4 - -9) + -6
6
What is the value of 28 + -25 - (3 + (1 - 0))?
-1
Calculate 1 + 2 - (-13 - -13).
3
-4 + 15 - (0 + 3 + 2)
6
-4 - 3 - -3 - (-2 + 0)
-2
(-1 - 1 - -1) + -3
-4
-2 - -2 - (4 - 3)
-1
What is (-21 - -27 - 9) + 1 + 5?
3
Calculate -6 - (-1 + 2) - (1 + -3).
-5
Calculate -3 + -8 + 16 + -12.
-7
What is -3 + 6 + (-3 - -4)?
4
What is 1 + (8 - -2) - 4?
7
Calculate -7 - (4 - (5 + -3 - -16)).
7
What is the value of 1 + (-7 + 1 - -1) - 0?
-4
What is the value of -1 - (4 - (-3 - -5 - 0))?
-3
What is 20 + -24 - (0 - 3)?
-1
Evaluate (-9 - -29 - 10) + -6.
4
Evaluate 1 + (0 - (-2 - -3)) + 0.
0
Evaluate 2 - ((-8 - -14) + -3 + -1).
0
What is the value of 11 + -2 + (-2 - (-7 - -10))?
4
Evaluate -5 - (0 - 4 - -3).
-4
What is the value of (-6 + 11 - (0 - 1)) + -3?
3
Calculate 4 + -7 + 1 + 2.
0
Evaluate (1 - -3) + -7 + 5.
2
(-7 - 8 - -6) + -2 - -6
-5
(-15 + -4 - -10) + 9
0
1 + -1 + 1 + -5 + 0
-4
Evaluate -3 - (0 - (2 + -4)).
-5
Evaluate (-15 - -28) + (-13 - -5).
5
Calculate 6 + (3 + -5 - 2 - -2).
4
What is the value of -4 - (0 + -5) - -6 - 2?
5
Evaluate 2 + 3 + -9 + 5 + -6.
-5
What is the value of -1 - (1 - (2 + -5) - 4)?
-1
Evaluate 3 + (0 - (-12 + 6) - 4).
5
What is -1 + 0 + 8 + -10 - -1?
-2
What is the value of 3 + 0 - (22 + -23)?
4
(1 - 8 - 2) + 4
-5
Calculate 3 + -2 - (-2 + 0).
3
-9 - (-7 + (-4 - -8) + -2)
-4
(-4 - (1 + (-4 - -4))) + 5
0
Calculate (1 - -5) + (-3 - -3) + -3.
3
What is 1 - (-2 + -2 - -1)?
4
Calculate -35 + 31 + (7 - (2 - 2)).
3
0 + 5 + -11 - 1 - -11
4
5 - (6 - 3) - 6
-4
What is 2 - ((0 - (0 + -1)) + 0)?
1
What is -4 - (1 + (-6 - (-2 - -5)))?
4
Calculate 1 + (2 - -1) - (-6 - -10).
0
Evaluate (-2 - (-8 + 4)) + 2 - -5.
9
-5 - (-11 + 8 + 1 + 2)
-5
Evaluate 6 + -1 + 2 + (152 - 154).
5
1 - (2 - 3) - (-6 - -13)
-5
1 + -2 + (-6 - (-6 - 0))
-1
Evaluate -14 - -6 - -3 - -2.
-3
Evaluate -1 + 0 - (-4 + 2).
1
Calculate 4 - (1 + (-7 - 0) + 4).
6
Calculate 2 + -9 + 2 + -9 + 8.
-6
What is the value of 2 + 2 - (0 + -1)?
5
(7 - 11) + 1 - 1
-4
What is the value of -1 + (7 - 8) + 5?
3
What is 5 + 5 + -16 + 13?
7
What is the value of 11 + (3 - 10) + 6?
10
1 - 3 - (-7 - -4)
1
What is the value of -8 + (0 - -1) - -9?
2
What is -1 + -13 + 7 - -1?
-6
Calculate 18 + -20 - (0 - (1 - 3)).
-4
What is the value of (-1 - -1) + 14 + -9 + 0?
5
Evaluate 3 + (1 + 4 + -2 - 7).
-1
Calculate -1 + (-5 + 14 - 3).
5
Calculate -100 - -100 - (0 - 2).
2
(-4 - -5) + -1 + (1 - 2)
-1
Calculate (0 - -3) + (-6 - -2 - -5).
4
Evaluate 11 + (-3 - 6) + -3.
-1
What is the value of (-2 - 0 - (16 - 11)) + 3?
-4
Evaluate 0 - (-6 + 3 + 0 + -2).
5
What is the value of -21 - -30 - (2 + 5)?
2
Evaluate 0 - -1 - (1 + -1).
1
4 - (-5 - ((1 - 0) + -5))
5
What is -3 - (6 + -1 + -7)?
-1
What is -5 + 0 + 21 + -20?
-4
What is the value of 4 - (0 - -1) - (13 - 3)?
-7
-1 + (9 - 14) + 3
-3
What is the value of -2 - (-4 + -1 + (-13 - -16))?
0
What is 2 + (-2 - 1) - -5?
4
-5 + (-5 + 2 + 11 - 4)
-1
-2 - (1 + 1 + -8)
4
What is 11 + (5 + 5 - 13)?
8
What is 2 + -8 + (11 - 2)?
3
Evaluate -5 + -7 + 4 + 3.
-5
Calculate 3 + -7 + (-8 - (7 - 18)).
-1
2 + -2 - (6 + -2)
-4
Evaluate (-1 - (-4 - 0)) + (-4 - 0).
-1
-4 + -8 + -7 + 9
-10
(-6 - 0) + 14 + -13
-5
Evaluate 3 + (-3 - (-3 - -3 - 1)).
1
Calculate 0 + (15 - (5 - -6)).
4
What is (1 - 16) + 21 + (0 - 0)?
6
What is 16 - (-9 - (-6 + -10))?
9
What is the value of 10 - (5 - 5) - (8 - 2)?
4
What is the value of 1 + 2 - (9 + -7)?
1
Evaluate 2 + -4 - ((-1 - 4) + -5).
8
58 + -52 - (-1 + 1 + 1)
5
What is 0 - (5 - (1 + 3))?
-1
-2 + 6 - (14 - 12)
2
-3 - -2 - (6 + -12 + 3)
2
Calculate 7 + 4 + -6 - 8.
-3
What is the value of -3 + 2 + -5 + 2 - -3?
-1
What is 6 - ((4 - -7) + 0 + -7)?
2
Calculate (-7 - -9) + -13 + 5.
-6
What is -2 + (-3 - (2 + -1 - 12))?
6
Calculate -5 - (5 + (1 - 12) + 0).
1
Evaluate 12 + -11 + (-1 - 2).
-2
What is 12 + 11 + -35 + 11?
-1
What is 6 + -2 + (-7 - -4) + 1?
2
Calculate -7 + -1 - 1 - (6 - 11).
-4
What is -2 - 0 - (5 - (5 - 0))?
-2
What is -6 + 4 + (5 - 0) + -5?
-2
What is -7 - ((-5 - 0) + 6)?
-8
Evaluate 6 + -2 + -15 + 11.
0
3 + -9 + 4 + (-5 - 0)
-7
Calculate 0 + 1 + 0 - (45 - 49).
5
What is the value of -5 + (15 - 7) + (1 - 1)?
3
What is 2 + -2 + (1 - 1)?
0
What is 2 + -6 + 3 - 1?
-2
What is -1 + -1 - (81 + -85)?
2
What is -4 + 0 + -1 + 6 + -6?
-5
Evaluate -5 + (18 - 5 - 3).
5
Evaluate -3 + (-1 - -2) + 2 + 0.
0
Evaluate (-9 - -7) + (0 - (0 + 1)).
-3
1 + -3 + 6 + 0 + 1
5
What is the value of (-4 - (-5 + 6)) + (0 - -3)?
-2
What is the value of -1 - (0 + -4) - 1 - 4?
-2
What is (-2 - (2 - -4)) + 6?
-2
Calculate -3 + -3 + (2 - -7).
3
What is -1 + -2 + 1 + -3?
-5
What is the value of (0 - 2) + 0 + 6?
4
What is (-5 - -3) + -2 - -8?
4
(-6 - (-13 - 8)) + -7
8
What is 7 - (2 + (0 - 1))?
6
What is 5 - (4 + -3) - 2?
2
Evaluate (-3 - (2 + 6 - 4)) + 4.
-3
(-1 - 1) + 6 + -7
-3
What is the value of -1 - (-14 - (1 + -8))?
6
What is the value of 4 - 7 - -3 - 0?
0
What is the value of 0 + 1 + -21 + -6 + 25?
-1
Evaluate (4 - 4) + (0 - -2).
2
What is -2 + (6 - 1) - 8?
-5
What is the value of 9 + (-8 - (2 - 5))?
4
What is the value of 6 + (1 - 5) + 0 - 6?
-4
Evaluate -2 - 8 - (-8 + 3).
-5
Calculate 4 + -7 + 7 + -1.
3
What is (2 - -7) + -6 - (-1 - -4)?
0
What is the value of -3 + 0 + -3 + 6?
0
Evaluate 3 + -4 + -1 + 2 - -5.
5
Calculate -27 - -15 - (1 - 7) - -8.
2
Evaluate (3 - 2) + -1 - 1.
-1
What is the value of 1 + -4 - (2 + -7)?
2
Evaluate (8 + -11 - -5) + 6.
8
What is the value of 3 + (2 - (9 + -6))?
2
What is the value of 10 - (2 - -7) - (6 - 5)?
0
Calculate -2 + (3 - (-3 + 13 + -4)).
-5
What is the value of (1 - -4) + (-4 - (-5 + 3))?
3
Calculate -1 + (2 - 4) + 6 - 7.
-4
Evaluate 5 + (0 - 5) + 3.
3
Evaluate 0 - -1 - (12 - 10).
-1
What is (-6 - -4 - -6) + (-6 - -7)?
5
What is 1 + -1 + -1 - -2?
1
What is (-3 - 18 - -11) + 2?
-8
What is -8 - (6 + -19) - 9?
-4
What is the value of -1 + 6 - (4 - 4)?
5
What is the value of (0 - -9) + (-40 - -33) - -3?
5
What is (1 - 2 - 0) + -3 - 0?
-4
What is 3 + (-2 - 2) + 0?
-1
-5 + (14 - -1) + -18
-8
Evaluate 1 - (14 + -7 - 6).
0
-1 - (6 + -5 - (-3 + 0))
-5
Calculate -1 - (0 - (5 - 4)) - -4.
4
What is the value of -3 - (-1 - -1 - 4)?
1
3 - 5 - (-1 - (-3 - -4))
0
What is the value of -1 - (-8 + 4 + -1)?
4
What is the value of -5 - (-4 - (0 - 3))?
-4
Evaluate -6 - (-1 + -13) - 11.
-3
Calculate 16 + -17 + (0 - 1).
-2
What is -2 - -8 - 11 - -10?
5
117 - 118 - (2 + (2 - 4))
-1
Calculate 3 + 2 + (-13 - -3).
-5
What is the value of 4 + -9 - (0 + -2 + 1)?
-4
What is the value of 8 + -4 - -8 - (7 - 2)?
7
2 - (8 + -6 - (3 - -1))
4
What is the value of 1 - 8 - (-35 + 29)?
-1
17 - 20 - (-5 + -3)
5
What is 4 + 3 + -13 + 6?
0
Evaluate -4 - 2 - (-29 + 28).
-5
Calculate 8 - (1 + (-4 - -14)).
-3
Calculate 1 + 4 + 1 + -5.
1
Calculate 13 + (-16 - (-1 + -9)).
7
What is the value of 2 + (-11 - -5) + 2?
-2
(-1 - 7) + 8 + 1 + -8
-7
Evaluate 1 - 0 - (-11 - -7).
5
What is the value of 1 + 0 + 3 + 6 + -5?
5
What is -4 - (2 + -4 + 2 + -3)?
-1
What is -2 - (-3 + -1) - 1?
1
What is the value of 1 - 11 - (52 - 61)?
-1
(-12 - -31) + -18 - (1 + -7)
7
Calculate 11 + (7 - (14 - (-8 - -14))).
10
What is the value of 3 + (2 + 2 - 2)?
5
What is (-1 - -3 - 3) + 3 + 0?
2
Evaluate 8 + (-4 - (-8 + 8)).
4
What is the value of 1 - (4 + -3) - -4?
4
Calculate -2 - (6 + -2 - 3).
-3
Calculate (17 - 22) + (-2 - -8).
1
What is -6 - -2 - (0 + -5)?
1
What is (-4 - -1) + 0 - (-3 - -5)?
-5
What is (-1 - -2) + (2 - -3 - 3)?
3
What is 9 + (7 - (4 - 2) - 7)?
7
What is -9 - (0 - 6 - (7 + -8))?
-4
4 + (-8 - -6) + 1
3
What is (0 - (5 - (1 - 2))) + 13?
7
Evaluate -6 - (-6 - -1 - (17 - 23)).
-7
2 + (0 - 0) + -23 + 26
5
Calculate -3 + -4 + (-3 - -16